 be the third derivative of -b**5/60 - b**4/6 - 5*b**3/6 - b**2. Suppose 5*s - 7*s - 10 = 0. Let o be 0 + s + (0 - -1). Determine v(o).
-5
Let x(d) be the third derivative of -6*d**2 - 1/3*d**3 + 0 - 1/30*d**5 + 0*d + 5/24*d**4. Calculate x(3).
-5
Suppose -6*t + 2 = -11*t + 2*x, 4 = -t + 4*x. Let f(g) = g + 3. Calculate f(t).
3
Suppose -i + 2*b - 2 = -1, -5*i - 5*b = -40. Let y(h) = -h**3 + 4*h**2 + 5*h + 1. Give y(i).
1
Let p(a) = -a + 0*a - 2 - 2. Give p(-10).
6
Suppose w - 16 = -4*t, -18 = -4*t + 2*w + 10. Let x(u) = 5*u - 6*u**2 - 3*u - 2 + 7 + u**3. Calculate x(t).
-10
Let b(h) = 2*h**2 + h + 3*h**2 - 1 - 4*h**2. Let s = -5 - -45. Let o be (-5)/(-2)*s/(-50). Give b(o).
1
Suppose -4*v - 2 = -14. Let z(n) = n - 5. Determine z(v).
-2
Let u be (40/(-12))/((-1)/(-3)). Let g be (-4)/(-6) - u/3. Suppose 25 = r + 2*r + g*i, 2*i = r + 5. Let b(z) = -z + 3. Give b(r).
0
Let g(v) = -7*v - 4. Suppose -5*d = -8*d - 6. Let x(h) = 3*h + 2. Let j(y) = d*g(y) - 5*x(y). Determine j(0).
-2
Suppose 5*g = -2 + 17. Let h(w) = -w**3 + 4*w**2 - 2*w - 1. Let b be h(g). Let a(f) = f**2 + f + 1. What is a(b)?
7
Let n(t) be the first derivative of -6*t**2 + t + 6. Give n(1).
-11
Let j(l) = l**3 - 5*l**2 + l - 1. Let r(b) = 2*b**3 - 11*b**2 + 2*b - 2. Let q(h) = -9*j(h) + 4*r(h). Determine q(3).
-20
Let s(j) = 5*j**3 - 11*j**2 + 8*j + 12. Let z(i) = 9*i**3 - 21*i**2 + 15*i + 23. Let f(m) = 11*s(m) - 6*z(m). Determine f(-5).
4
Let s(c) = 1 - 60*c + 4 - c**3 + 5*c**2 + 66*c. What is s(6)?
5
Let z be (80/(-15))/(2/(-3)). Suppose 3*g = 7 + z. Let k(p) = -p + 7. Calculate k(g).
2
Let u(v) = 5*v**2 + 12*v. Let z(f) = 11*f**2 + 25*f - 1. Let n(o) = 9*u(o) - 4*z(o). Give n(-7).
-3
Let h(m) = m**2 + 2*m + 3. Let j be (1 - (-52)/2) + 3. Suppose -5*l + 2*b = -5, -2*l - 3*l - 5*b = j. Let k be l/3 - (-15)/(-9). What is h(k)?
3
Let d(s) be the first derivative of -s**5/20 - s**4/2 + s**3/6 + s**2 + 7*s - 6. Let u(x) be the first derivative of d(x). What is u(-6)?
-4
Let j(r) be the first derivative of -2*r**3/3 - 3*r**2/2 + 5*r - 51. Calculate j(-5).
-30
Suppose 2*b - 4 = 3*b - 5*w, 2*b = -3*w + 5. Let a(q) = q - 10*q**3 - q - b + q**3. Determine a(-1).
8
Let q(s) = s - 11. Let p = -17 - -19. Let y be 8 - (2 + -3 + p). Determine q(y).
-4
Let t(h) = h**2 - 8*h + 3. Let v be t(8). Let g(y) = -5*y**3 + 6*y + 4*y**v - y**3 - 5*y**2 + y**3 - 4. Determine g(-6).
-4
Let u(v) = -2*v - 3. Let z be (-1 + 25)/(-6) + -1 + 1. What is u(z)?
5
Let n(b) = b - 6. Let f be 7 + -1 - (-6)/(-6). Calculate n(f).
-1
Suppose -4*d - 25 = -9*d. Let w = -1 - 0. Let u(a) = -a - 1. Let l(n) = 5*n + 1. Let f(s) = w*l(s) - 3*u(s). Calculate f(d).
-8
Let y(t) be the third derivative of t**6/120 + t**5/15 + t**4/8 + t**3/3 + t**2 + 26. Suppose 10 = -6*s + s. Determine y(s).
4
Let b(l) = -l + 1. Suppose 24*r = 27*r + 21. Calculate b(r).
8
Let g(y) = 5*y**3 + 7*y**2 + 21*y - 13. Let a(w) = 2*w**3 + 4*w**2 + 10*w - 6. Let f(j) = 7*a(j) - 3*g(j). Give f(8).
-11
Let p(a) = a**3 - 2*a**2 - 4*a - 1. Suppose 0 = 5*q + 6 + 19. Let k = 4 + q. Let v be k/(2/(-6) + 0). Give p(v).
-4
Suppose g + 4 = -0*g. Let m be (1 - -4) + (2 - 3). Let f = g + m. Let n(p) = p - 1. Give n(f).
-1
Let p(h) be the second derivative of -7*h**5/120 - h**4/24 + h**3/2 - h. Let a(y) be the second derivative of p(y). Determine a(1).
-8
Let u(n) = -2*n - 8. Let h be u(-6). Suppose 3*q + 10 = 8*q, h*f + q = 18. Let x(t) = 3*t**2 - 2*t**3 + t**3 - 1 + 5*t + 0*t**3. Give x(f).
3
Let t(x) be the first derivative of x**3/3 + 3*x**2/2 - 4*x - 3. Give t(-4).
0
Let u(i) = i**3 - i**2 + 1. Let r(v) = v**2 - v + 4. Let x(w) = r(w) - 2*u(w). Suppose -m = 4*j - 4 - 3, -3*j - 5*m + 1 = 0. Give x(j).
-4
Let z(y) = -12*y. Suppose -j = -3*j + 4. Suppose -2*t + 0*t - 2*v - j = 0, -4*t + 5*v = -14. Determine z(t).
-12
Let t(w) = -w - 15. Let y be t(-11). Suppose 2*g = 2*m, -3*g + 4*m + 3 = 2*m. Let i(x) = -x**2 - g*x**2 + 3*x**2 - 6 - 5*x. Give i(y).
-2
Suppose 0 = -4*m, d + m = 3*m - 5. Let q = 8 + -7. Let s(l) = -q - l**3 + l - 2 - 5*l**2 + 6. Give s(d).
-2
Let a(u) = -1 + 2*u - 4*u**2 - 2*u**2 + 3*u**2 - u**3. Let i = -5 + 1. Let h be i/(-26) + (-492)/156. Determine a(h).
-7
Let i be 6/((-5)/(-10) + 1). Let z(r) be the second derivative of -r**4/12 + 2*r**3/3 + r**2 + r. What is z(i)?
2
Let n(w) = w**3 - 4*w**2 - 5*w - 4. Suppose 2*j - 7 = 1. Suppose -j*s - s + 25 = 0. Suppose -s - 5 = -2*g. Determine n(g).
-4
Let r(m) be the second derivative of -m**5/60 - m**4/8 + 7*m**3/6 - m**2 + 2*m. Let f(w) be the first derivative of r(w). What is f(-5)?
-3
Let l(m) be the first derivative of m**2/2 + 7*m - 8. Determine l(0).
7
Let z(g) = g**2 - 2*g - 3. Let w be z(5). Let p be ((-6)/4)/(6/(-16)). Suppose 2*t + p*l + 0 = w, 9 = 4*t + 5*l. Let f(a) = a - 5. What is f(t)?
-9
Let f(w) be the first derivative of -w**2/2 + 2*w - 4. Determine f(-6).
8
Let h(t) = -4*t**3 - 7*t**2 + 4*t + 2. Let o = -5 + 2. Let n(p) = 3*p**3 + 6*p**2 - 3*p - 2. Let f(v) = o*n(v) - 2*h(v). What is f(-3)?
-10
Let c(l) be the third derivative of 3*l**2 - 2/3*l**3 - 1/60*l**5 + 0 + 1/3*l**4 + 0*l. Give c(6).
8
Let h = -6 - -6. Suppose 0 = -h*y + 3*y - 3. Let a(j) = -13*j - 2 + 1 + y + 1. Determine a(1).
-12
Let q(u) = u**3 + 7*u**2 + 8*u + 9. Let n be q(-6). Let t be 4/2*6/n. Let h(y) = y**3 + 3*y**2 - 2*y + 4. Calculate h(t).
-4
Let n(d) = -d. Let h be (22/10)/(1/5). Let j = -15 + h. Determine n(j).
4
Let r(x) = 2*x. Let u = 144 - 142. Determine r(u).
4
Let q(j) = j**3 + 9*j**2 + 9*j + 11. Let v be q(-8). Let f(r) = -r**3 + r. Let b(h) = -h**3 - 3*h**2 + 2*h + 4. Let k(w) = b(w) - 2*f(w). Calculate k(v).
4
Let j(z) be the first derivative of 0*z**2 + 2/3*z**3 - z - 1. Determine j(1).
1
Suppose g - 2*g = 0. Let v(x) = 3 + g + x + 3*x**2 + x - x**3 - 1. Give v(4).
-6
Let j(k) = k - 1. Let b be 4/22 + (-184)/44. Determine j(b).
-5
Suppose 8 - 28 = -4*b. Let s(m) be the first derivative of -1/3*m**3 + 5/2*m**2 - 2 + 2*m. Calculate s(b).
2
Let y(f) = f + 1. Let a(v) = -2*v - 1. Let w(j) = -2*a(j) - 5*y(j). Let q be (-1 + -1 - -8)*-1. Give w(q).
3
Let f = -17 + 20. Let b(o) = -3 + o - o**f - 4*o**2 + 7 - 3*o + 8*o**2. Determine b(3).
7
Suppose 4 = s - 4*u + 2*u, s - 4*u - 2 = 0. Let q(x) = -3*x + 4*x + 9*x**2 + 5*x - 7 - 10*x**2. Give q(s).
-7
Let a(k) be the first derivative of -k**2 + 6*k - 4 - 1/3*k**3. What is a(-5)?
-9
Let d(c) = -c**3 - c**2 + c + 1. Let m(s) = s + 3. Let k be m(-8). Let b(l) = -l + 2. Let f be b(k). Let r = f - 5. Calculate d(r).
-9
Let x(z) = -4*z**3 + z**2 - z - 1. Let k(y) be the first derivative of -y + 2. Let d(u) = -2*k(u) + x(u). Determine d(1).
-3
Let d be -1 - (3 - 44/8). Let n(l) be the first derivative of -1/4*l**4 - 5*l - 5/3*l**3 - 3 - d*l**2. Determine n(-4).
-9
Let z(p) = p - 2. Let o = 29 + -26. Give z(o).
1
Let n(m) be the third derivative of m**5/60 + m**4/6 - 2*m**3/3 + 3*m**2. Calculate n(-3).
-7
Let a(q) = -q**2 + 5*q + 5. Let v(z) = -3 + 6 + 5*z - 3*z - 6. Let m be v(4). Calculate a(m).
5
Suppose -2*u - 3*h = 2*u - 44, -2*h = -2*u + 8. Suppose 5*v + 3*t = -9, 5*v - 23 + u = 5*t. Let j(q) = 5*q + 5 + q**3 - 3*q + q**2 - q. Determine j(v).
5
Let y(r) = -r**2 + 2*r + 4. Let f be (6/5)/((-8)/(-20)). Determine y(f).
1
Let j(t) be the second derivative of -t**4/12 + t**3/2 + 3*t**2/2 - 4*t. Determine j(-2).
-7
Let b(h) = h**3 - 3*h**2 + 2*h - 6. Let d(x) = -3*x**3 + 5*x**2 - 5*x + 13. Let r(a) = -5*b(a) - 2*d(a). What is r(-5)?
4
Let w(z) = z**3 - z**2 + 5. Suppose 0 = 7*j - 3*j. Give w(j).
5
Suppose 4*w - 23 = -q, 2*q = 2*w - 2*q - 16. Let c = -6 + w. Let a(j) = j**2 + j + 7. Calculate a(c).
7
Let w(s) be the second derivative of -s**4/12 + s**3/2 + 3*s**2 + s. Let n be (1/(-2)*-3)/(3/10). Give w(n).
-4
Let n(l) = l**2 - 6*l - 6. Let d(b) = b**2 - 6*b - 6. Let a(h) = 7*d(h) - 6*n(h). What is a(6)?
-6
Let q(i) = 8*i + 0 + 1 - 2 - 7*i. Give q(-6).
-7
Let i(q) = 6*q - 6. Let u be -2*(-15)/6 + 0. Let s(l) = 7*l - 7. Let g(m) = u*s(m) - 6*i(m). Let r(x) = 2*x. Let n(d) = -3*g(d) - r(d). What is n(4)?
1
Let s(m) be the third derivative of m**5/60 - m**4/24 + 13*m**3/6 - m**2 - 17*m. Calculate s(0).
13
Let k(r) = -29 + 11 + 7*r + 18 + r**2. Suppose 0 = 5*m - 7 + 22. What is k(m)?
-12
Let q(g) = g + 5. Let a(d) = 3*d + 9. Suppose -4*p + 3 = -9. Let s(x) = p*a(x) - 5*q(x